number?
True
Is 7571471539 prime?
False
Is 42039877667 prime?
False
Is 3332131567 a composite number?
True
Is 5123162651 composite?
False
Is 555130603 a prime number?
True
Is 2536594703 prime?
True
Is 6083950559 composite?
True
Is 1609260529 a prime number?
False
Is 52389489367 a composite number?
True
Is 16664599 composite?
True
Is 113539313 prime?
True
Is 5592902687 composite?
False
Is 9094001251 a composite number?
True
Is 761672739 a prime number?
False
Is 10576982717 a composite number?
True
Is 5985632953 a composite number?
True
Is 253633529 a composite number?
True
Is 72945031421 composite?
False
Is 143205119 a prime number?
True
Is 1093406929 prime?
True
Is 1380540511 a prime number?
False
Is 522426491 a composite number?
False
Is 1514269387 prime?
False
Is 865500659 composite?
False
Is 277160021 composite?
False
Is 61392439211 a composite number?
True
Is 417819737 prime?
True
Is 8365242769 a composite number?
True
Is 1426944119 composite?
False
Is 106233106121 prime?
False
Is 464747093 a prime number?
False
Is 4115154437 composite?
False
Is 9954166493 a composite number?
True
Is 88244381179 prime?
False
Is 12082080469 a prime number?
True
Is 31466129543 a prime number?
True
Is 4169642809 prime?
False
Is 297890821 a composite number?
False
Is 2196804881 a composite number?
True
Is 15379840873 prime?
True
Is 1346965691 a composite number?
True
Is 1773775429 a prime number?
False
Is 337949771 a prime number?
False
Is 16074761707 a composite number?
True
Is 36939630877 prime?
True
Is 838017281 a prime number?
False
Is 7539905143 prime?
True
Is 169592085401 composite?
False
Is 1469847823 a prime number?
True
Is 40919019719 prime?
True
Is 64668772429 a prime number?
False
Is 1299992653 prime?
True
Is 1657090243 prime?
False
Is 3383575687 composite?
False
Is 13378285551 prime?
False
Is 885764393 composite?
True
Is 139203388277 a prime number?
True
Is 40154643701 prime?
True
Is 8899268957 a prime number?
True
Is 1110623 prime?
False
Is 13440492619 a prime number?
False
Is 184519545349 a composite number?
False
Is 18527600129 a composite number?
False
Is 671094313 prime?
True
Is 290538239 a composite number?
False
Is 82657891006 composite?
True
Is 2781578665 prime?
False
Is 5863814349 composite?
True
Is 177931216217 composite?
True
Is 677825747 composite?
False
Is 2423023661 composite?
False
Is 4317663041 a composite number?
False
Is 29884479419 a composite number?
False
Is 125421884431 composite?
False
Is 600695261 a composite number?
True
Is 61061017015 a prime number?
False
Is 1145994401 prime?
True
Is 3112592983 prime?
False
Is 14196243253 a prime number?
True
Is 310806131 prime?
True
Is 107478719 prime?
True
Is 19659849683 prime?
True
Is 512358059 a composite number?
False
Is 2928104273 a prime number?
True
Is 17634553 prime?
True
Is 4056806057 a prime number?
True
Is 532521437 a prime number?
False
Is 139171987 a prime number?
True
Is 147582567059 a composite number?
True
Is 116449381 prime?
False
Is 841291226 prime?
False
Is 15547822217 composite?
False
Is 369930459793 composite?
False
Is 3085878091 a composite number?
False
Is 2408138087 composite?
False
Is 301170253 a prime number?
False
Is 2433339037 composite?
True
Is 214994809 prime?
True
Is 816519811 a composite number?
True
Is 30329099873 a prime number?
False
Is 151120457 a composite number?
False
Is 36927873487 prime?
False
Is 807954949 prime?
False
Is 21760281757 a composite number?
True
Is 776620039 prime?
False
Is 16998872801 a prime number?
True
Is 1022326997 a composite number?
False
Is 7934512739 a composite number?
False
Is 3313464023 composite?
False
Is 5220935089 a composite number?
False
Is 2667002817 composite?
True
Is 2727551263 composite?
False
Is 28300151089 a prime number?
False
Is 858616901 prime?
False
Is 13366715419 a prime number?
False
Is 5109823441 a prime number?
True
Is 2468561351 prime?
True
Is 353556188171 a prime number?
True
Is 209092087 prime?
False
Is 7720402021 prime?
True
Is 1316595589 prime?
True
Is 98383701787 a prime number?
False
Is 11483938943 a prime number?
False
Is 119809817249 prime?
True
Is 58811801161 prime?
False
Is 34126271629 prime?
False
Is 211362043 prime?
False
Is 65290367 prime?
True
Is 20367980777 composite?
False
Is 1272873439 a composite number?
True
Is 3827160787 a prime number?
True
Is 2623797311 a prime number?
True
Is 119014532413 a composite number?
True
Is 3928306409 a composite number?
True
Is 3241494817 a composite number?
True
Is 49975967569 prime?
False
Is 71247298121 composite?
True
Is 34984771439 a composite number?
False
Is 8564232271 composite?
True
Is 425466187 a prime number?
True
Is 174602833 composite?
True
Is 1301620739 a composite number?
True
Is 7720193693 prime?
True
Is 38181585059 prime?
True
Is 11064043799 a composite number?
False
Is 71081441897 a composite number?
False
Is 24573863 composite?
False
Is 3732166303 prime?
True
Is 58154390501 a composite number?
False
Is 873018427 a composite number?
True
Is 3508373711 a prime number?
True
Is 354807823 a prime number?
True
Is 11867388983 composite?
False
Is 139432900199 a composite number?
True
Is 3370491497 composite?
True
Is 2877613855 a prime number?
False
Is 3329024191 a prime number?
True
Is 2023218149 composite?
False
Is 13239852851 composite?
False
Is 370647911 prime?
False
Is 98242960243 composite?
False
Is 282598049 prime?
True
Is 1141774411 a composite number?
True
Is 14403962 a composite number?
True
Is 721602481 prime?
True
Is 629345879 composite?
True
Is 2610508783 composite?
False
Is 2015520079 composite?
True
Is 27361610671 a prime number?
True
Is 77200535941 composite?
True
Is 3733883057 a composite number?
True
Is 6389734877 prime?
False
Is 23709187771 prime?
False
Is 473850887 a composite number?
False
Is 2237145341 prime?
True
Is 16726390757 composite?
True
Is 18696127929 prime?
False
Is 465031221 prime?
False
Is 3496002019 composite?
False
Is 5997413999 a composite number?
False
Is 131553503 composite?
False
Is 187210474879 a prime number?
True
Is 1573920079 a composite number?
True
Is 6275442377 a composite number?
False
Is 310565209 a composite number?
False
Is 1333460363 composite?
False
Is 4846298497 composite?
True
Is 637636214 prime?
False
Is 129541619477 a prime number?
True
Is 7205021489 a composite number?
False
Is 65448698387 a composite number?
True
Is 142532549971 composite?
True
Is 14498139749 a prime number?
True
Is 12980548733 prime?
True
Is 3501029197 composite?
False
Is 574541369 a prime number?
False
Is 36495766621 a prime number?
False
Is 5087429053 prime?
False
Is 2291041871 prime?
True
Is 447957661 prime?
False
Is 131131813 prime?
True
Is 1605562573 a prime number?
True
Is 3267847045 a composite number?
True
Is 100597751 composite?
False
Is 23781288187 a prime number?
False
Is 51520638307 a composite number?
True
Is 2142980633 a prime number?
False
Is 30213647 composite?
False
Is 17319700609 composite?
True
Is 15861851051 a prime number?
False
Is 9065801 composite?
False
Is 2209087133 a prime number?
False
Is 21046934599 prime?
False
Is 126646519 a prime number?
True
Is 134660429 composite?
True
Is 18405694423 a composite number?
False
Is 23331606323 a composite number?
False
Is 1778269231 a prime number?
True
Is 72311106077 prime?
False
Is 5572912589 a composite number?
True
Is 35510378299 a prime number?
False
Is 415380479 prime?
True
Is 5544132329 prime?
True
Is 2454631447 prime?
False
Is 850463837 composite?
False
Is 1599437267 prime?
False
Is 35814068227 a composite number?
True
Is 3661571999 a prime number?
True
Is 2110599989 composite?
False
Is 7997775983 composite?
False
Is 1673160253 prime?
True
Is 423703507 a composite number?
False
Is 285525371 a composite number?
False
Is 11576902034 a composite number?
True
Is 60983229341 a composite number?
False
Is 3281208719 composite?
False
Is 209810297 composite?
False
Is 61841887 a prime number?
True
Is 7941929513 prime?
False
Is 16063668979 prime?
False
Is 683346883 prime?
True
Is 2629325473 composite?
True
Is 1965731123 a prime number?
False
Is 13908020309 a composite number?
False
Is 5757298717 prime?
True
Is 8699159927 composite?
False
Is 72853984583 composite?
True
Is 58658322719 a prime number?
False
Is 1167119101 composite?
False
Is 29704154 composite